ime?
True
Let m = 41 - 39. Suppose 4*n = -5*r + 3, -5*n - m*r + 1 = -7. Suppose 0 = -3*b - c + 4080, -n*c = 2*b + 3*c - 2707. Is b a composite number?
False
Suppose 42 - 47 = -w. Suppose 3*j = -0*k + 3*k + 27330, 3*k = -w*j + 45542. Is j a prime number?
True
Let k(y) be the second derivative of -y**3/6 + 6*y**2 - 5*y. Let c be k(-13). Is c/5 + 1822 + (-5 - -1) a prime number?
True
Is (-351820)/(-6) + 45/108*4/5 prime?
False
Suppose 3*d - 58 = 5*z - 15, d - 25 = 3*z. Let c = z + 0. Is 4/c*-14*7 a composite number?
True
Suppose -2*y - x - 1832 = 0, -5*y + 4*x - 4567 = -0*y. Suppose 2*w - q + 3623 = 0, 3*w = -q - 4521 - 906. Let f = y - w. Is f a prime number?
False
Suppose -72*w + 2*p + 230835 = -67*w, -5*p + 46194 = w. Is w a composite number?
True
Let s(v) = 4268*v**2 - 5*v. Let t be s(1). Let h = 3518 + t. Is h a composite number?
True
Let v = -92359 - -882206. Is v prime?
True
Let h = 3847 + 421. Is 5 + h - (-1 + 0 - -3) a composite number?
False
Suppose -30*x + 36984 = -28*x. Suppose x - 145582 = -10*z. Is z a composite number?
True
Suppose -196 = -389*j + 396*j. Is ((j/(-16))/(-7))/((-2)/28456) a composite number?
False
Let y(n) = 543*n**2 - 3*n + 1. Let z(w) = -11*w**2 + 4*w + 4. Let p be z(-2). Let b = p - -49. Is y(b) a composite number?
False
Let m be ((-60)/45)/(1/(-216)). Suppose 5*n - w - 17 = 457, -3*n = 3*w - m. Is n prime?
False
Let y(a) be the third derivative of 7/6*a**3 + 1/20*a**6 - a**2 + 0 - 17/24*a**4 - 2*a + 1/12*a**5. Is y(7) a prime number?
False
Let j(f) = -3*f - 28. Let t be j(-8). Let w be -2*(17234/t)/(-7)*1. Let l = 2069 + w. Is l a prime number?
False
Let l = -61 + 45. Let p = l - -23. Is 4/p + 67224/56 a composite number?
False
Let q = 21889 + -7797. Suppose -2*o = 2*s - 5640, 0*s - q = -5*s + 3*o. Is s a prime number?
True
Suppose 20*h + 352007 - 1577307 = 0. Let d = h - 42436. Is d prime?
False
Let z = -37 - -39. Suppose i = o - 31 - 6003, -z*o + 3*i = -12069. Is o composite?
True
Let r(w) = 2*w + 2. Let h be r(1). Let x be 5/((4 - 0)/h). Suppose -x*v - v = -4854. Is v composite?
False
Let a = 451372 - 320445. Is a composite?
False
Let p(b) = 23398*b + 395. Is p(3) composite?
False
Suppose 5*o = -m + 15304, -5*o + 61201 = 14*m - 10*m. Is m prime?
True
Let v = -384 + 384. Let z(d) = -d**3 + 2*d**2 + 5*d + 12895. Is z(v) composite?
True
Let t = 6030 + -2441. Is t prime?
False
Let j = -338 - -349. Suppose -g + 5*g = 8028. Suppose -j*a + g = -8*a. Is a composite?
True
Suppose -5*w + 4*f + 21 = 0, -3*w = 15*f - 16*f - 14. Suppose 0 = -5*z - 5*l + 33090, 12*z - w*l + 19862 = 15*z. Is z a prime number?
False
Let z = -3020 + 4520. Let k = -613 + z. Is (-4)/(-14) + (k/7 - 0) prime?
True
Suppose -71*u + 11*u = -14256420. Is u composite?
False
Let c = 5736 - 16227. Let g = c + 15344. Is g composite?
True
Let y(k) = 847*k - 46. Let t be y(3). Suppose -7*p + 2972 = -t. Is p a composite number?
True
Let q(g) = 555*g + 49. Let t be q(15). Suppose -t = -4*c + 20718. Is c composite?
True
Suppose -43*f + 2217471 = 30*f - 16*f. Is f composite?
False
Let a(s) = 6*s - 8*s + 293*s**2 + 137 + 329*s**2 - 14*s. Is a(6) prime?
True
Let s(x) = x**2 - 4*x**2 + 19 + 4*x**2 + 0*x**2 - 8*x. Let i be s(5). Suppose -5*h = -5, -i*b + 405 = b - 5*h. Is b a composite number?
True
Let t = 33985 + -7344. Is t a composite number?
False
Suppose -5*a - 12 = 8, 0 = 3*o + a - 2. Suppose 2*s + o*z = z - 9, z - 5 = 5*s. Is -10*((-1676)/(-4))/(s*1) a prime number?
False
Let i be (0 + 159)/(1339/(-221) - -6). Is (5/5)/((-3)/i) a composite number?
True
Let p(o) = 224*o**2 - 54*o + 889. Is p(24) a prime number?
False
Let i(f) = -f**2 + 17*f + 19. Let y be i(18). Let h be 7632/14 + y/(-7). Suppose -5*x - 2*j = -545, h = 4*x + j + 106. Is x a composite number?
True
Let x = -20 + 20. Suppose 0 = 4*j + 5*q + 4, 2*j = -x*j - 2*q. Suppose -j*a + 1893 = -a. Is a composite?
False
Suppose -5*p + 10 = 0, -3*p - 1 = -3*i - 5*p. Is (1 - (-2 - 1901)) + i prime?
False
Let i be (2 + 16/(-6))/(10/(-105)). Let l(r) = 245*r**2 + 4*r - 5. Let x be l(i). Suppose 4*p = 4*v - 5*v + 3007, -p - x = -4*v. Is v a prime number?
False
Suppose 5*x = 3*x + 18. Let c be x + -8 + (-8)/(-2). Let i(u) = 32*u**3 + 8*u**2 - 9*u + 14. Is i(c) a composite number?
True
Let j = -10 + -3. Let t(w) = 4*w**2 + 11*w + 14. Is t(j) a prime number?
True
Let a = 53700 - 32827. Is a prime?
True
Let a = 6 - 1. Suppose -6*v + 5*v - 5 = -z, -z = 5*v + 25. Suppose 0*i = 5*i + 3*u - 1862, 2*i - a*u - 751 = z. Is i a prime number?
True
Suppose 37*m = 36*m. Let z be (-1550)/(3 - (2 + m)). Is 3/9 - z/3 a composite number?
True
Let h be ((-124)/12 + 1)*(0 + 12). Let d = h + 114. Suppose 610 = d*m - 1096. Is m composite?
False
Suppose 2*r + 1397 = 7903. Suppose 0 = 2*a + 2*w - 6190, -w - 12546 = -3*a - r. Is a composite?
True
Let u = -101670 - -194657. Is u composite?
False
Suppose -2200 = j + 3*d, 0 = 2*j + j - d + 6580. Is (j*(-4)/(-8))/(1/(-1)) composite?
False
Suppose r + 26 = 6. Let j be (-15)/r*(1 - -3). Is 12/(-18) + 767/j - 1 a prime number?
False
Let t = 1021895 + -405030. Is t prime?
False
Let q = -539302 - -967659. Is q a prime number?
False
Let w be (-62)/(-6) + 380/30 + -12. Is 71531/w + (-18)/(-99) a composite number?
True
Is (55893 + -4)/((-14)/(-6) + 92/(-69)) composite?
False
Let l(r) = 2540*r + 637. Is l(41) composite?
True
Suppose -29133*f = -29117*f - 1117456. Is f a composite number?
True
Suppose -3*r = 3*x - 80562, 5*x + 19550 = 4*r - 87857. Is (r/6)/(22/44) a prime number?
True
Suppose -3163*l - 28699067 = -3192*l. Is l composite?
False
Let i(x) = -x**2 - 6*x + 11. Let m be i(-7). Suppose 0*u - 1230 = -2*j - 2*u, -5*j = -m*u - 3075. Suppose -547 = -7*g + j. Is g a prime number?
False
Let j(m) = -19708*m + 2441. Is j(-14) a composite number?
False
Suppose -4*f - 9 - 7 = 0. Is ((-2)/8)/(f/784) a prime number?
False
Let u(t) = -2*t + 28. Let y be u(10). Suppose y*v - 5*v - 9 = 0. Is 4 + -6 + (v - -88) prime?
True
Suppose k + 8 = 11, -7*k - 5143710 = -3*a. Is a composite?
False
Let r be (5 - 203)/(0 + -2). Let m = r + -84. Suppose -2*u + 4*n = -750, m - 7 = -4*n. Is u a prime number?
False
Let b = -11850 + 21829. Is b composite?
True
Suppose -12*x + 5*x + 712501 = 22*x. Is x a composite number?
True
Suppose 0 = 2*t - h - 18220, 4*t + 2*h - 50637 = -14173. Is t a prime number?
False
Suppose o - v = -o + 35, 0 = -o - 3*v. Suppose -o*t = -24*t + 24291. Is t composite?
False
Let f = 732 - 746. Is (-11202)/(-4)*f/(-3) a prime number?
False
Suppose -31*w = -28*w + 23679. Let c = -5134 - w. Is c a composite number?
True
Is (30/(-6))/((-40242)/(-20122) + (15 - 17)) a composite number?
True
Suppose -5 = -125*f + 120*f, -4*l = f - 8743533. Is l composite?
True
Let o(s) = 17*s**2 - 7*s - 1. Let g be o(-9). Suppose -1063 = -l + g. Let c = l + -1289. Is c composite?
False
Suppose -2*b - 3*b = 3*m + 62, -5*b = -2*m + 42. Let n be (-4)/b*(-20)/(-8)*95. Let o = -86 + n. Is o a composite number?
True
Suppose 62*k = 47*k + 963855. Is k a prime number?
False
Suppose 3*a - q = -330, 5*a + 3*q + 124 = -440. Let i be 178 + (1 - (1 + 0)). Let b = a + i. Is b a prime number?
True
Let i(g) = 33*g - 33. Let p be i(25). Suppose 0 = 6*n - p - 35922. Is n a composite number?
True
Is (-1 - 0)*-403605 - (-17 + 6 + 13) composite?
False
Let m be (-28)/7*214/(-8). Let x = 164 + m. Is x composite?
False
Let u = 11646 - 2369. Is u prime?
True
Let q(k) = -k + 45. Suppose 8*v + 72 = 2*x + 5*v, 0 = -4*x + v + 124. Is q(x) a prime number?
False
Let z(g) = -95*g + 1285. Let u be z(-21). Let p be (-76)/(-10) + 2/5. Suppose u = p*f + 24. Is f a composite number?
True
Suppose 20*w - 50476 = 237825 + 234759. Is w a composite number?
False
Is ((-22)/(-363) - 44633885/(-165)) + 12/22 a prime number?
True
Let y = 83609 - 28482. Is y composite?
False
Suppose -2*u = -3*r + 1 - 3, -r + 2*u - 6 = 0. Suppose -2*k + 20932 = -r*s - 1740, 2*k - 22657 = -3*s. Is k prime?
False
Let a = -170 - -172. Let q(k) = 113*k**3 - 6*k**2 + 6*k - 5. Is q(a) composite?
False
Is (251424/(-28) + -2)/(26/(-91)) a composite number?
True
Suppose -48*x + 102865 = -43*x. Suppose -4*d + x = -0*d + 3*k, d = 5*k + 5172. Is d a prime number?
True
Is 4 + -4 + (-8)/52 + 186412359/273 prime?
False
Let p be 0 + 1 - -731 - (-5 - -6). Suppose 9*n = p - 38. Let o = 123 - n. Is o c